t common divisor of j and 24?
12
Let w(b) = -3*b + 8. Let h be w(8). Let k be (-4)/h - 15/(-4). Let m(v) = 36*v**2 - v - 1. Let r be m(-1). Calculate the greatest common divisor of k and r.
4
Let j(l) = 11*l + 9. Let p be j(3). Suppose -248 = -4*a - 0*a. Let s = -34 + a. What is the greatest common divisor of p and s?
14
Let r be 1128/120 + (-2)/5. What is the greatest common factor of 36 and r?
9
Let t = -21 + 33. Calculate the highest common factor of t and 30.
6
Let w(o) be the first derivative of -o**2 - 9*o + 1. Let f be w(-7). Suppose 0 = -f*q + q + 44. Calculate the greatest common factor of q and 22.
11
Let l = 166 - 30. What is the highest common factor of l and 17?
17
Suppose 3*b - 2*g = 11, -b + 2*g + 5 = -0*b. Let h be 1/b + (-95)/(-3). Calculate the highest common divisor of 16 and h.
16
Suppose 0 = 4*s - 5*b - 170, 5*b - 190 = -s - 3*s. Calculate the highest common factor of s and 15.
15
Let o(j) = j**2 - 8*j - 5. Let k be o(8). Let v = k - -18. Let s = -107 + 250. Calculate the highest common factor of s and v.
13
Suppose 5*v = 48 + 32. Calculate the greatest common divisor of 2 and v.
2
Let b(h) = h + 4. Let z = 5 - 5. Let k be b(z). Suppose 4 = c + 3*s + 10, -5*c = k*s - 3. What is the greatest common divisor of 6 and c?
3
Let y(l) = -l**3 - 6*l**2 - 8*l - 2. Let w be y(-5). What is the highest common factor of w and 39?
13
Let a(t) be the third derivative of t**5/60 - t**4/6 + t**3/6 - 3*t**2. Let q be a(-3). What is the highest common factor of q and 22?
22
Let f be 1/2 + (-138)/4. Let n = f + 74. What is the greatest common divisor of n and 8?
8
Let y = 37 + -23. What is the highest common divisor of 56 and y?
14
Let m be 88/20*(-30)/(-2). Suppose -3*c = -m - 24. Calculate the greatest common factor of 10 and c.
10
Let j be ((-2)/(-3))/((-4)/(-234)). Let g = -40 - -66. What is the greatest common factor of j and g?
13
Let m(s) = -s**3 + s - 8. Let k be m(0). Let l be (16/(-3))/(k/12). Calculate the greatest common factor of 72 and l.
8
Suppose 5*f - 107 - 868 = 0. Calculate the highest common factor of f and 30.
15
Let i be -2*((-12)/8 + 1 + 0). Suppose 0 = h + 3*g - 3, 0 = -h - 2*g + 6 - 1. What is the highest common divisor of h and i?
1
Let u be (-2192)/(-52) + 8/(-52). Let j be (-47)/(-7) - (-4)/14. Calculate the greatest common divisor of u and j.
7
Suppose -5 = -2*u + 1. Let d be 1/u - (-15)/9. Suppose f + 12 = d*f. What is the greatest common divisor of f and 12?
12
Let f = 15 - 7. Suppose 5*s - 17 = f. Let r = 84 - 39. What is the greatest common divisor of s and r?
5
Suppose l = -2*l - 12. Let p be -4*1/l - -24. Let y be (2 - 0)*(-5)/(-2). Calculate the highest common divisor of y and p.
5
Let l = 22 + -18. Suppose l*b - 193 = k, -2*b - 45 = -3*b - 3*k. What is the highest common factor of b and 16?
16
Let x be 3*(3 - 15/9). Suppose u - 28 = -4*g, 3*g - x*u + 1 - 3 = 0. What is the highest common divisor of 36 and g?
6
Suppose 3 - 13 = -4*w - 3*z, 0 = 4*w - z - 2. Let o = -21 + 28. What is the greatest common factor of w and o?
1
Let o = 30 - 5. Calculate the highest common factor of 25 and o.
25
Suppose 0 = -v - v + y + 1982, 1976 = 2*v - 4*y. Suppose v = 5*d - p, -2*p = -4*d - 19 + 815. Calculate the highest common factor of d and 18.
18
Suppose 4*p - 4*z = 76, 6*p - 86 = p - 4*z. What is the highest common divisor of p and 27?
9
Let r be (47 + -2 - -1) + -1. Let v be ((-54)/r)/(4/(-70)). What is the highest common divisor of 3 and v?
3
Let r = 14 - 3. What is the highest common factor of 99 and r?
11
Let f(g) = g**2 + 2*g - 6. Let n be f(-5). What is the greatest common factor of 72 and n?
9
Let j(l) = 107*l**2 + 4*l + 2. Let z be j(-1). Calculate the highest common factor of z and 35.
35
Let o = -85 - -130. Let d(z) = z**2 - 6. Let u be d(6). Calculate the highest common divisor of u and o.
15
Suppose 1 - 5 = -v. What is the greatest common factor of 6 and v?
2
Let p(d) = -d**2 - d. Let g be p(0). Suppose g = 2*a - 3 - 17. What is the highest common factor of a and 110?
10
Let v(b) = 4*b**2 + 4*b - 3. Let s be v(3). Let m be (-1)/(-1*(-1)/(-3)). Let t be m/(-12) + (-21)/(-4). Calculate the greatest common divisor of s and t.
5
Let c(u) be the third derivative of u**5/30 + u**4/6 + 2*u**3/3 - 2*u**2. Let m be c(-3). What is the highest common factor of 50 and m?
10
Let c = -21 + 34. Suppose 0 = -5*f - 0*f. Suppose 4*j = -4*h + 220, -2*h + 3*j + 43 + 52 = f. What is the highest common divisor of h and c?
13
Suppose -14*a = -15*a + 80. What is the greatest common factor of a and 10?
10
Suppose -5*s = 25 + 5. Let u(c) = -c**3 - 5*c**2 + c + 2. Let r be u(s). Let i = -30 - -46. What is the highest common factor of r and i?
16
Let b(u) = -5*u + 8. Let m(a) = 2*a - 3. Let x(k) = -4*b(k) - 11*m(k). Let f be x(-2). Suppose -2 - 4 = -3*r. Calculate the greatest common divisor of f and r.
1
Let p(i) = i**3 - 2*i**2 - i + 2. Let d be p(2). Let m = d + 3. Let x be 1 + (4/2 - 1). Calculate the greatest common divisor of m and x.
1
Let r = 6 - -8. Suppose -5*c = -5*p - 220, 4*p - 29 = 2*c - 121. What is the highest common divisor of r and c?
14
Let q = -6 + 10. Suppose 504 = q*c + 140. What is the greatest common divisor of 13 and c?
13
Let m(h) = 8*h - 42. Let q be m(12). What is the highest common divisor of q and 27?
27
Let h = 5 + -5. Suppose w - 38 + 2 = h. Calculate the greatest common divisor of w and 90.
18
Suppose -10*p = -27*p + 1071. Calculate the greatest common divisor of 18 and p.
9
Suppose -78 - 698 = -4*h + z, -3*h + 599 = -5*z. Let k = h + -137. What is the highest common divisor of k and 8?
8
Suppose m + 5*k = -7, 2*k - 15 = -3*m - k. Calculate the highest common divisor of m and 16.
8
Let x(u) = -u**2 - 9*u - 6. Let i be x(-8). Let d be i - -31 - (-2 + -1). Calculate the highest common divisor of d and 24.
12
Let l = 136 - -15. Let v be l/3 + (-3)/9. Let j(d) = -d**3 - 5*d**2 + 5. Let c be j(-5). Calculate the highest common factor of c and v.
5
Let x = -14 - -8. Let s = x - -10. Suppose 5*u - 129 = -3*t, -6*u + s*t + 116 = -2*u. Calculate the highest common factor of 9 and u.
9
Let w be -1*(1*-27)/3. Let k = w - 5. Suppose k*h = -h + 25. Calculate the greatest common factor of h and 35.
5
Let v(o) = o**2 + 3*o - 11. Let a be v(-6). What is the greatest common divisor of 14 and a?
7
Let h(i) = i**2 + 7*i + 9. Let z be h(-7). Calculate the highest common divisor of 3 and z.
3
Let r be (-504)/(-10) + 16/(-40). Calculate the highest common factor of r and 20.
10
Let b(u) = u**3 - 2*u**2 - 4*u. Let r be b(3). Let a be 1*(r + 4) + 8. Calculate the greatest common divisor of a and 63.
9
Let s(y) = y**2 - y - 4. Let q be s(3). Suppose -1 - q = 3*w. Let l be 2 - (-10 + -1 + w). What is the greatest common divisor of 35 and l?
7
Let d be -5*(-2 + 0 + -1). Let b(n) = n**3 - 37*n**2 + 77*n - 110. Let l be b(35). What is the highest common divisor of d and l?
15
Let l be 192/(-88) - (-4)/22. Let g be -2 - 22/l - -4. Calculate the greatest common divisor of g and 143.
13
Let b(v) = -v**3 - 4*v**2 - 3*v - 2. Let c = -6 + 2. Let z be b(c). Calculate the greatest common factor of 70 and z.
10
Let r(b) = -6*b - 3. Let v(m) = -7*m - 3. Let q(p) = -3*r(p) + 2*v(p). Let y be -2 + (-3 + 8 - 0). Let k be q(y). What is the highest common divisor of 3 and k?
3
Suppose 2*t + 42 = 4*t. Suppose -m = -q + 16, 2*m + 59 = 4*q + 3*m. Suppose 0*p = 5*p - q. What is the greatest common factor of p and t?
3
Let p = -32 + 41. Calculate the highest common divisor of 6 and p.
3
Let p = 96 - 64. Calculate the highest common divisor of p and 4.
4
Let f = -2 + 2. Suppose r - 37 = -r + 5*a, f = 5*r - 5*a - 55. Let t be (-1*1)/((-3)/72). Calculate the greatest common factor of t and r.
6
Let z(w) = w**3 + 9*w**2 - 17*w - 10. Let t be z(-10). Calculate the highest common factor of 12 and t.
12
Let q be 52/12 + 2/(-6). Suppose -3*p + i + 0*i = -70, q*i + 105 = 5*p. What is the highest common divisor of 10 and p?
5
Let o = 35 + -76. Let q = -22 - o. Let s = 28 - q. What is the greatest common factor of 18 and s?
9
Suppose 0*h - 220 = 5*h. Let d = -24 - h. Let l = 5 - 1. Calculate the greatest common divisor of l and d.
4
Let o(p) = p - 7. Let g be o(-8). Let z = 111 + g. Let s(m) = -11*m**3 + m**2. Let n be s(-1). Calculate the greatest common di